CRAN Package Check Results for Package KoulMde

Last updated on 2021-11-01 00:49:42 CET.

Flavor Version Tinstall Tcheck Ttotal Status Flags
r-devel-linux-x86_64-debian-clang 3.2.1 53.61 60.56 114.17 NOTE
r-devel-linux-x86_64-debian-gcc 3.2.1 36.95 47.74 84.69 NOTE
r-devel-linux-x86_64-fedora-clang 3.2.1 165.70 NOTE
r-devel-linux-x86_64-fedora-gcc 3.2.1 156.88 NOTE
r-devel-windows-x86_64 3.2.1 68.00 94.00 162.00 NOTE
r-devel-windows-x86_64-gcc10-UCRT 3.2.1 NOTE
r-patched-linux-x86_64 3.2.1 44.89 59.37 104.26 NOTE
r-patched-solaris-x86 3.2.1 161.90 NOTE
r-release-linux-x86_64 3.2.1 45.00 58.64 103.64 NOTE
r-release-macos-arm64 3.2.1 NOTE
r-release-macos-x86_64 3.2.1 NOTE
r-release-windows-ix86+x86_64 3.2.1 88.00 82.00 170.00 NOTE
r-oldrel-macos-x86_64 3.2.1 OK
r-oldrel-windows-ix86+x86_64 3.2.1 95.00 118.00 213.00 OK

Check Details

Version: 3.2.1
Check: LazyData
Result: NOTE
     'LazyData' is specified without a 'data' directory
Flavors: r-devel-linux-x86_64-debian-clang, r-devel-linux-x86_64-debian-gcc, r-devel-linux-x86_64-fedora-clang, r-devel-linux-x86_64-fedora-gcc, r-devel-windows-x86_64, r-devel-windows-x86_64-gcc10-UCRT, r-patched-linux-x86_64, r-patched-solaris-x86, r-release-linux-x86_64, r-release-macos-arm64, r-release-macos-x86_64, r-release-windows-ix86+x86_64