CRAN Package Check Results for Package KernSmoothIRT

Last updated on 2021-11-01 00:49:42 CET.

Flavor Version Tinstall Tcheck Ttotal Status Flags
r-devel-linux-x86_64-debian-clang 6.4 28.45 47.99 76.44 OK
r-devel-linux-x86_64-debian-gcc 6.4 21.66 37.33 58.99 OK
r-devel-linux-x86_64-fedora-clang 6.4 117.24 NOTE
r-devel-linux-x86_64-fedora-gcc 6.4 105.27 NOTE
r-devel-windows-x86_64 6.4 40.00 81.00 121.00 OK
r-devel-windows-x86_64-gcc10-UCRT 6.4 OK
r-patched-linux-x86_64 6.4 29.61 46.10 75.71 OK
r-patched-solaris-x86 6.4 111.30 OK
r-release-linux-x86_64 6.4 28.37 46.31 74.68 OK
r-release-macos-arm64 6.4 OK
r-release-macos-x86_64 6.4 OK
r-release-windows-ix86+x86_64 6.4 58.00 74.00 132.00 OK
r-oldrel-macos-x86_64 6.4 OK
r-oldrel-windows-ix86+x86_64 6.4 55.00 97.00 152.00 OK

Check Details

Version: 6.4
Check: compiled code
Result: NOTE
    File ‘KernSmoothIRT/libs/KernSmoothIRT.so’:
     Found no calls to: ‘R_registerRoutines’, ‘R_useDynamicSymbols’
    
    It is good practice to register native routines and to disable symbol
    search.
    
    See ‘Writing portable packages’ in the ‘Writing R Extensions’ manual.
Flavors: r-devel-linux-x86_64-fedora-clang, r-devel-linux-x86_64-fedora-gcc