CRAN Package Check Results for Package KPC

Last updated on 2021-11-01 00:49:42 CET.

Flavor Version Tinstall Tcheck Ttotal Status Flags
r-devel-linux-x86_64-debian-clang 0.1.0 5.53 54.95 60.48 OK
r-devel-linux-x86_64-debian-gcc 0.1.0 4.73 40.53 45.26 OK
r-devel-linux-x86_64-fedora-clang 0.1.0 82.97 NOTE
r-devel-linux-x86_64-fedora-gcc 0.1.0 73.97 NOTE
r-devel-windows-x86_64 0.1.0 9.00 76.00 85.00 OK
r-devel-windows-x86_64-gcc10-UCRT 0.1.0 NOTE
r-patched-linux-x86_64 0.1.0 5.16 52.26 57.42 OK
r-patched-solaris-x86 0.1.0 104.50 NOTE
r-release-linux-x86_64 0.1.0 5.46 51.80 57.26 OK
r-release-macos-arm64 0.1.0 NOTE
r-release-macos-x86_64 0.1.0 NOTE
r-release-windows-ix86+x86_64 0.1.0 8.00 53.00 61.00 OK
r-oldrel-macos-x86_64 0.1.0 NOTE
r-oldrel-windows-ix86+x86_64 0.1.0 10.00 72.00 82.00 OK

Check Details

Version: 0.1.0
Check: dependencies in R code
Result: NOTE
    Namespace in Imports field not imported from: ‘gmp’
     All declared Imports should be used.
Flavors: r-devel-linux-x86_64-fedora-clang, r-devel-linux-x86_64-fedora-gcc, r-devel-windows-x86_64-gcc10-UCRT, r-patched-solaris-x86, r-release-macos-arm64, r-release-macos-x86_64, r-oldrel-macos-x86_64