Last updated on 2021-11-01 00:49:42 CET.
Flavor | Version | Tinstall | Tcheck | Ttotal | Status | Flags |
---|---|---|---|---|---|---|
r-devel-linux-x86_64-debian-clang | 0.1.4 | 7.14 | 59.98 | 67.12 | NOTE | |
r-devel-linux-x86_64-debian-gcc | 0.1.4 | 7.04 | 44.40 | 51.44 | NOTE | |
r-devel-linux-x86_64-fedora-clang | 0.1.4 | 92.53 | NOTE | |||
r-devel-linux-x86_64-fedora-gcc | 0.1.4 | 85.60 | NOTE | |||
r-devel-windows-x86_64 | 0.1.4 | 13.00 | 81.00 | 94.00 | NOTE | |
r-devel-windows-x86_64-gcc10-UCRT | 0.1.4 | NOTE | ||||
r-patched-linux-x86_64 | 0.1.4 | 13.25 | 57.30 | 70.55 | NOTE | |
r-patched-solaris-x86 | 0.1.4 | 123.70 | NOTE | |||
r-release-linux-x86_64 | 0.1.4 | 8.35 | 56.98 | 65.33 | NOTE | |
r-release-macos-arm64 | 0.1.4 | NOTE | ||||
r-release-macos-x86_64 | 0.1.4 | NOTE | ||||
r-release-windows-ix86+x86_64 | 0.1.4 | 16.00 | 56.00 | 72.00 | NOTE | |
r-oldrel-macos-x86_64 | 0.1.4 | OK | ||||
r-oldrel-windows-ix86+x86_64 | 0.1.4 | 16.00 | 84.00 | 100.00 | OK |
Version: 0.1.4
Check: LazyData
Result: NOTE
'LazyData' is specified without a 'data' directory
Flavors: r-devel-linux-x86_64-debian-clang, r-devel-linux-x86_64-debian-gcc, r-devel-linux-x86_64-fedora-clang, r-devel-linux-x86_64-fedora-gcc, r-devel-windows-x86_64, r-devel-windows-x86_64-gcc10-UCRT, r-patched-linux-x86_64, r-patched-solaris-x86, r-release-linux-x86_64, r-release-macos-arm64, r-release-macos-x86_64, r-release-windows-ix86+x86_64