CRAN Package Check Results for Package Jmisc

Last updated on 2021-11-01 00:49:42 CET.

Flavor Version Tinstall Tcheck Ttotal Status Flags
r-devel-linux-x86_64-debian-clang 0.3.1 1.87 20.16 22.03 NOTE
r-devel-linux-x86_64-debian-gcc 0.3.1 1.60 16.22 17.82 NOTE
r-devel-linux-x86_64-fedora-clang 0.3.1 38.98 NOTE
r-devel-linux-x86_64-fedora-gcc 0.3.1 29.43 NOTE
r-devel-windows-x86_64 0.3.1 4.00 40.00 44.00 NOTE
r-devel-windows-x86_64-gcc10-UCRT 0.3.1 NOTE
r-patched-linux-x86_64 0.3.1 2.28 20.00 22.28 NOTE
r-patched-solaris-x86 0.3.1 43.80 NOTE
r-release-linux-x86_64 0.3.1 1.75 20.00 21.75 NOTE
r-release-macos-arm64 0.3.1 NOTE
r-release-macos-x86_64 0.3.1 NOTE
r-release-windows-ix86+x86_64 0.3.1 4.00 28.00 32.00 NOTE
r-oldrel-macos-x86_64 0.3.1 NOTE
r-oldrel-windows-ix86+x86_64 0.3.1 4.00 37.00 41.00 NOTE

Check Details

Version: 0.3.1
Check: DESCRIPTION meta-information
Result: NOTE
    Malformed Description field: should contain one or more complete sentences.
    BugReports field is not a suitable URL but contains an email address:
     use the Contact field instead
Flavors: r-devel-linux-x86_64-debian-clang, r-devel-linux-x86_64-debian-gcc, r-devel-linux-x86_64-fedora-clang, r-devel-linux-x86_64-fedora-gcc, r-devel-windows-x86_64, r-devel-windows-x86_64-gcc10-UCRT, r-patched-linux-x86_64, r-patched-solaris-x86, r-release-linux-x86_64, r-release-macos-arm64, r-release-macos-x86_64, r-release-windows-ix86+x86_64, r-oldrel-macos-x86_64, r-oldrel-windows-ix86+x86_64

Version: 0.3.1
Check: R code for possible problems
Result: NOTE
    JBTest: no visible global function definition for 'pchisq'
    generateSignificance: no visible global function definition for 'pnorm'
    packages: no visible global function definition for 'install.packages'
    shift: no visible global function definition for 'tail'
    shift: no visible global function definition for 'head'
    splitBy: no visible global function definition for 'head'
    Undefined global functions or variables:
     head install.packages pchisq pnorm tail
    Consider adding
     importFrom("stats", "pchisq", "pnorm")
     importFrom("utils", "head", "install.packages", "tail")
    to your NAMESPACE file.
Flavors: r-devel-linux-x86_64-debian-clang, r-devel-linux-x86_64-debian-gcc, r-devel-linux-x86_64-fedora-clang, r-devel-linux-x86_64-fedora-gcc, r-devel-windows-x86_64, r-devel-windows-x86_64-gcc10-UCRT, r-patched-linux-x86_64, r-patched-solaris-x86, r-release-linux-x86_64, r-release-macos-arm64, r-release-macos-x86_64, r-release-windows-ix86+x86_64, r-oldrel-macos-x86_64, r-oldrel-windows-ix86+x86_64