Last updated on 2021-11-01 00:49:42 CET.
Flavor | Version | Tinstall | Tcheck | Ttotal | Status | Flags |
---|---|---|---|---|---|---|
r-devel-linux-x86_64-debian-clang | 0.2.0 | 3.64 | 236.14 | 239.78 | OK | |
r-devel-linux-x86_64-debian-gcc | 0.2.0 | 3.16 | 171.34 | 174.50 | OK | |
r-devel-linux-x86_64-fedora-clang | 0.2.0 | 297.16 | NOTE | |||
r-devel-linux-x86_64-fedora-gcc | 0.2.0 | 288.43 | NOTE | |||
r-devel-windows-x86_64 | 0.2.0 | 6.00 | 244.00 | 250.00 | OK | |
r-devel-windows-x86_64-gcc10-UCRT | 0.2.0 | NOTE | ||||
r-patched-linux-x86_64 | 0.2.0 | 10.33 | 226.70 | 237.03 | OK | |
r-patched-solaris-x86 | 0.2.0 | 380.90 | NOTE | |||
r-release-linux-x86_64 | 0.2.0 | 3.94 | 226.42 | 230.36 | OK | |
r-release-macos-arm64 | 0.2.0 | NOTE | ||||
r-release-macos-x86_64 | 0.2.0 | NOTE | ||||
r-release-windows-ix86+x86_64 | 0.2.0 | 6.00 | 169.00 | 175.00 | OK | |
r-oldrel-macos-x86_64 | 0.2.0 | NOTE | ||||
r-oldrel-windows-ix86+x86_64 | 0.2.0 | 6.00 | 183.00 | 189.00 | OK |
Version: 0.2.0
Check: dependencies in R code
Result: NOTE
Namespace in Imports field not imported from: ‘utils’
All declared Imports should be used.
Flavors: r-devel-linux-x86_64-fedora-clang, r-devel-linux-x86_64-fedora-gcc, r-devel-windows-x86_64-gcc10-UCRT, r-patched-solaris-x86, r-release-macos-arm64, r-release-macos-x86_64, r-oldrel-macos-x86_64