CRAN Package Check Results for Package JSM

Last updated on 2021-11-01 00:49:42 CET.

Flavor Version Tinstall Tcheck Ttotal Status Flags
r-devel-linux-x86_64-debian-clang 1.0.1 242.80 196.30 439.10 OK
r-devel-linux-x86_64-debian-gcc 1.0.1 171.10 147.50 318.60 OK
r-devel-linux-x86_64-fedora-clang 1.0.1 670.11 NOTE
r-devel-linux-x86_64-fedora-gcc 1.0.1 622.52 OK
r-devel-windows-x86_64 1.0.1 323.00 266.00 589.00 OK
r-devel-windows-x86_64-gcc10-UCRT 1.0.1 OK
r-patched-linux-x86_64 1.0.1 209.20 191.05 400.25 OK
r-patched-solaris-x86 1.0.1 689.40 OK
r-release-linux-x86_64 1.0.1 209.37 192.65 402.02 OK
r-release-macos-arm64 1.0.1 NOTE
r-release-macos-x86_64 1.0.1 NOTE
r-release-windows-ix86+x86_64 1.0.1 446.00 305.00 751.00 OK
r-oldrel-macos-x86_64 1.0.1 NOTE
r-oldrel-windows-ix86+x86_64 1.0.1 442.00 410.00 852.00 OK

Check Details

Version: 1.0.1
Check: installed package size
Result: NOTE
     installed size is 16.0Mb
     sub-directories of 1Mb or more:
     libs 15.5Mb
Flavors: r-devel-linux-x86_64-fedora-clang, r-release-macos-arm64, r-release-macos-x86_64, r-oldrel-macos-x86_64