CRAN Package Check Results for Package Irescale

Last updated on 2021-11-01 00:49:41 CET.

Flavor Version Tinstall Tcheck Ttotal Status Flags
r-devel-linux-x86_64-debian-clang 2.3.0 10.00 137.31 147.31 NOTE
r-devel-linux-x86_64-debian-gcc 2.3.0 7.90 103.11 111.01 NOTE
r-devel-linux-x86_64-fedora-clang 2.3.0 186.74 NOTE
r-devel-linux-x86_64-fedora-gcc 2.3.0 183.49 NOTE
r-devel-windows-x86_64 2.3.0 16.00 198.00 214.00 NOTE
r-devel-windows-x86_64-gcc10-UCRT 2.3.0 NOTE
r-patched-linux-x86_64 2.3.0 9.90 130.73 140.63 NOTE
r-patched-solaris-x86 2.3.0 196.30 NOTE
r-release-linux-x86_64 2.3.0 9.11 129.12 138.23 NOTE
r-release-macos-arm64 2.3.0 NOTE
r-release-macos-x86_64 2.3.0 NOTE
r-release-windows-ix86+x86_64 2.3.0 16.00 126.00 142.00 NOTE
r-oldrel-macos-x86_64 2.3.0 OK
r-oldrel-windows-ix86+x86_64 2.3.0 17.00 191.00 208.00 OK

Check Details

Version: 2.3.0
Check: LazyData
Result: NOTE
     'LazyData' is specified without a 'data' directory
Flavors: r-devel-linux-x86_64-debian-clang, r-devel-linux-x86_64-debian-gcc, r-devel-linux-x86_64-fedora-clang, r-devel-linux-x86_64-fedora-gcc, r-devel-windows-x86_64, r-devel-windows-x86_64-gcc10-UCRT, r-patched-linux-x86_64, r-patched-solaris-x86, r-release-linux-x86_64, r-release-macos-arm64, r-release-macos-x86_64, r-release-windows-ix86+x86_64