Last updated on 2021-11-01 00:49:42 CET.
Flavor | Version | Tinstall | Tcheck | Ttotal | Status | Flags |
---|---|---|---|---|---|---|
r-devel-linux-x86_64-debian-clang | 0.6-2 | 2.10 | 22.01 | 24.11 | OK | |
r-devel-linux-x86_64-debian-gcc | 0.6-2 | 1.67 | 17.57 | 19.24 | OK | |
r-devel-linux-x86_64-fedora-clang | 0.6-2 | 41.06 | NOTE | |||
r-devel-linux-x86_64-fedora-gcc | 0.6-2 | 30.85 | OK | |||
r-devel-windows-x86_64 | 0.6-2 | 4.00 | 41.00 | 45.00 | OK | |
r-devel-windows-x86_64-gcc10-UCRT | 0.6-2 | OK | ||||
r-patched-linux-x86_64 | 0.6-2 | 2.19 | 21.45 | 23.64 | OK | |
r-patched-solaris-x86 | 0.6-2 | 51.50 | OK | |||
r-release-linux-x86_64 | 0.6-2 | 2.05 | 21.41 | 23.46 | OK | |
r-release-macos-arm64 | 0.6-2 | OK | ||||
r-release-macos-x86_64 | 0.6-2 | OK | ||||
r-release-windows-ix86+x86_64 | 0.6-2 | 4.00 | 29.00 | 33.00 | OK | |
r-oldrel-macos-x86_64 | 0.6-2 | OK | ||||
r-oldrel-windows-ix86+x86_64 | 0.6-2 | 4.00 | 45.00 | 49.00 | OK |
Version: 0.6-2
Check: Rd cross-references
Result: NOTE
Undeclared package ‘surveillance’ in Rd xrefs
Flavor: r-devel-linux-x86_64-fedora-clang