Last updated on 2021-11-01 00:49:41 CET.
Flavor | Version | Tinstall | Tcheck | Ttotal | Status | Flags |
---|---|---|---|---|---|---|
r-devel-linux-x86_64-debian-clang | 2021.02.24 | 1.40 | 13.68 | 15.08 | OK | |
r-devel-linux-x86_64-debian-gcc | 2021.02.24 | 1.38 | 10.70 | 12.08 | OK | |
r-devel-linux-x86_64-fedora-clang | 2021.02.24 | 30.09 | NOTE | |||
r-devel-linux-x86_64-fedora-gcc | 2021.02.24 | 20.69 | NOTE | |||
r-devel-windows-x86_64 | 2021.02.24 | 3.00 | 30.00 | 33.00 | OK | |
r-devel-windows-x86_64-gcc10-UCRT | 2021.02.24 | NOTE | ||||
r-patched-linux-x86_64 | 2021.02.24 | 1.69 | 13.25 | 14.94 | OK | |
r-patched-solaris-x86 | 2021.02.24 | 33.20 | NOTE | |||
r-release-linux-x86_64 | 2021.02.24 | 1.71 | 13.16 | 14.87 | OK | |
r-release-macos-arm64 | 2021.02.24 | NOTE | ||||
r-release-macos-x86_64 | 2021.02.24 | NOTE | ||||
r-release-windows-ix86+x86_64 | 2021.02.24 | 4.00 | 25.00 | 29.00 | OK | |
r-oldrel-macos-x86_64 | 2021.02.24 | NOTE | ||||
r-oldrel-windows-ix86+x86_64 | 2021.02.24 | 4.00 | 26.00 | 30.00 | OK |
Version: 2021.02.24
Check: Rd cross-references
Result: NOTE
Undeclared package ‘Unicode’ in Rd xrefs
Flavor: r-devel-linux-x86_64-fedora-clang
Version: 2021.02.24
Check: data for non-ASCII characters
Result: NOTE
Note: found 7418 marked UTF-8 strings
Flavors: r-devel-linux-x86_64-fedora-clang, r-devel-linux-x86_64-fedora-gcc, r-devel-windows-x86_64-gcc10-UCRT, r-patched-solaris-x86, r-release-macos-arm64, r-release-macos-x86_64, r-oldrel-macos-x86_64