CRAN Package Check Results for Package IRCcheck

Last updated on 2021-11-01 00:49:41 CET.

Flavor Version Tinstall Tcheck Ttotal Status Flags
r-devel-linux-x86_64-debian-clang 1.0.0 4.68 48.73 53.41 OK
r-devel-linux-x86_64-debian-gcc 1.0.0 3.79 36.64 40.43 OK
r-devel-linux-x86_64-fedora-clang 1.0.0 75.30 NOTE
r-devel-linux-x86_64-fedora-gcc 1.0.0 66.28 NOTE
r-devel-windows-x86_64 1.0.0 10.00 71.00 81.00 OK
r-devel-windows-x86_64-gcc10-UCRT 1.0.0 NOTE
r-patched-linux-x86_64 1.0.0 4.74 45.23 49.97 OK
r-patched-solaris-x86 1.0.0 90.50 NOTE
r-release-linux-x86_64 1.0.0 4.66 44.83 49.49 OK
r-release-macos-arm64 1.0.0 NOTE
r-release-macos-x86_64 1.0.0 NOTE
r-release-windows-ix86+x86_64 1.0.0 11.00 51.00 62.00 OK
r-oldrel-macos-x86_64 1.0.0 NOTE
r-oldrel-windows-ix86+x86_64 1.0.0 10.00 78.00 88.00 OK

Check Details

Version: 1.0.0
Check: dependencies in R code
Result: NOTE
    Namespaces in Imports field not imported from:
     ‘Rdpack’ ‘glmnet’
     All declared Imports should be used.
Flavors: r-devel-linux-x86_64-fedora-clang, r-devel-linux-x86_64-fedora-gcc, r-devel-windows-x86_64-gcc10-UCRT, r-patched-solaris-x86, r-release-macos-arm64, r-release-macos-x86_64, r-oldrel-macos-x86_64