CRAN Package Check Results for Package IMEC

Last updated on 2021-11-01 00:49:41 CET.

Flavor Version Tinstall Tcheck Ttotal Status Flags
r-devel-linux-x86_64-debian-clang 0.2.0 2.25 65.06 67.31 NOTE
r-devel-linux-x86_64-debian-gcc 0.2.0 1.94 47.15 49.09 NOTE
r-devel-linux-x86_64-fedora-clang 0.2.0 91.77 NOTE
r-devel-linux-x86_64-fedora-gcc 0.2.0 83.79 NOTE
r-devel-windows-x86_64 0.2.0 5.00 92.00 97.00 NOTE
r-devel-windows-x86_64-gcc10-UCRT 0.2.0 NOTE
r-patched-linux-x86_64 0.2.0 2.53 61.72 64.25 NOTE
r-patched-solaris-x86 0.2.0 141.80 NOTE
r-release-linux-x86_64 0.2.0 2.44 61.31 63.75 NOTE
r-release-macos-arm64 0.2.0 NOTE
r-release-macos-x86_64 0.2.0 NOTE
r-release-windows-ix86+x86_64 0.2.0 5.00 61.00 66.00 NOTE
r-oldrel-macos-x86_64 0.2.0 OK
r-oldrel-windows-ix86+x86_64 0.2.0 5.00 68.00 73.00 OK

Check Details

Version: 0.2.0
Check: LazyData
Result: NOTE
     'LazyData' is specified without a 'data' directory
Flavors: r-devel-linux-x86_64-debian-clang, r-devel-linux-x86_64-debian-gcc, r-devel-linux-x86_64-fedora-clang, r-devel-linux-x86_64-fedora-gcc, r-devel-windows-x86_64, r-devel-windows-x86_64-gcc10-UCRT, r-patched-linux-x86_64, r-patched-solaris-x86, r-release-linux-x86_64, r-release-macos-arm64, r-release-macos-x86_64, r-release-windows-ix86+x86_64