CRAN Package Check Results for Package IGP

Last updated on 2021-11-01 00:49:41 CET.

Flavor Version Tinstall Tcheck Ttotal Status Flags
r-devel-linux-x86_64-debian-clang 0.2.0 21.54 74.22 95.76 OK
r-devel-linux-x86_64-debian-gcc 0.2.0 15.33 55.83 71.16 OK
r-devel-linux-x86_64-fedora-clang 0.2.0 124.97 NOTE
r-devel-linux-x86_64-fedora-gcc 0.2.0 118.85 NOTE
r-devel-windows-x86_64 0.2.0 27.00 101.00 128.00 OK
r-devel-windows-x86_64-gcc10-UCRT 0.2.0 NOTE
r-patched-linux-x86_64 0.2.0 19.38 72.43 91.81 OK
r-patched-solaris-x86 0.2.0 155.50 NOTE
r-release-linux-x86_64 0.2.0 16.64 71.10 87.74 OK
r-release-macos-arm64 0.2.0 NOTE
r-release-macos-x86_64 0.2.0 NOTE
r-release-windows-ix86+x86_64 0.2.0 20.00 71.00 91.00 OK
r-oldrel-macos-x86_64 0.2.0 NOTE
r-oldrel-windows-ix86+x86_64 0.2.0 21.00 96.00 117.00 OK

Check Details

Version: 0.2.0
Check: dependencies in R code
Result: NOTE
    Namespace in Imports field not imported from: ‘reticulate’
     All declared Imports should be used.
Flavors: r-devel-linux-x86_64-fedora-clang, r-devel-linux-x86_64-fedora-gcc, r-devel-windows-x86_64-gcc10-UCRT, r-patched-solaris-x86, r-release-macos-arm64, r-release-macos-x86_64, r-oldrel-macos-x86_64