Last updated on 2021-11-01 00:49:41 CET.
Flavor | Version | Tinstall | Tcheck | Ttotal | Status | Flags |
---|---|---|---|---|---|---|
r-devel-linux-x86_64-debian-clang | 1.0.2 | 10.39 | 100.63 | 111.02 | OK | |
r-devel-linux-x86_64-debian-gcc | 1.0.2 | 8.25 | 78.91 | 87.16 | OK | |
r-devel-linux-x86_64-fedora-clang | 1.0.2 | 153.80 | NOTE | |||
r-devel-linux-x86_64-fedora-gcc | 1.0.2 | 141.19 | NOTE | |||
r-devel-windows-x86_64 | 1.0.2 | 16.00 | 234.00 | 250.00 | OK | |
r-devel-windows-x86_64-gcc10-UCRT | 1.0.2 | NOTE | ||||
r-patched-linux-x86_64 | 1.0.2 | 10.44 | 98.83 | 109.27 | OK | |
r-patched-solaris-x86 | 1.0.2 | 153.50 | NOTE | |||
r-release-linux-x86_64 | 1.0.2 | 12.21 | 97.99 | 110.20 | OK | |
r-release-macos-arm64 | 1.0.2 | NOTE | ||||
r-release-macos-x86_64 | 1.0.2 | NOTE | ||||
r-release-windows-ix86+x86_64 | 1.0.2 | 18.00 | 160.00 | 178.00 | OK | |
r-oldrel-macos-x86_64 | 1.0.2 | NOTE | ||||
r-oldrel-windows-ix86+x86_64 | 1.0.2 | 16.00 | 219.00 | 235.00 | OK |
Version: 1.0.2
Check: dependencies in R code
Result: NOTE
Namespaces in Imports field not imported from:
‘expm’ ‘rlecuyer’
All declared Imports should be used.
Flavors: r-devel-linux-x86_64-fedora-clang, r-devel-linux-x86_64-fedora-gcc, r-devel-windows-x86_64-gcc10-UCRT, r-patched-solaris-x86, r-release-macos-arm64, r-release-macos-x86_64, r-oldrel-macos-x86_64