CRAN Package Check Results for Package HeteroGGM

Last updated on 2021-11-01 00:49:40 CET.

Flavor Version Tinstall Tcheck Ttotal Status Flags
r-devel-linux-x86_64-debian-clang 0.1.0 4.55 38.94 43.49 OK
r-devel-linux-x86_64-debian-gcc 0.1.0 3.27 30.87 34.14 OK
r-devel-linux-x86_64-fedora-clang 0.1.0 64.41 NOTE
r-devel-linux-x86_64-fedora-gcc 0.1.0 52.31 NOTE
r-devel-windows-x86_64 0.1.0 7.00 61.00 68.00 OK
r-devel-windows-x86_64-gcc10-UCRT 0.1.0 NOTE
r-patched-linux-x86_64 0.1.0 4.44 37.33 41.77 OK
r-patched-solaris-x86 0.1.0 81.80 NOTE
r-release-linux-x86_64 0.1.0 4.09 37.84 41.93 OK
r-release-macos-arm64 0.1.0 NOTE
r-release-macos-x86_64 0.1.0 NOTE
r-release-windows-ix86+x86_64 0.1.0 6.00 41.00 47.00 OK
r-oldrel-macos-x86_64 0.1.0 NOTE
r-oldrel-windows-ix86+x86_64 0.1.0 7.00 57.00 64.00 OK

Check Details

Version: 0.1.0
Check: dependencies in R code
Result: NOTE
    Namespaces in Imports field not imported from:
     ‘MASS’ ‘Matrix’
     All declared Imports should be used.
Flavors: r-devel-linux-x86_64-fedora-clang, r-devel-linux-x86_64-fedora-gcc, r-devel-windows-x86_64-gcc10-UCRT, r-patched-solaris-x86, r-release-macos-arm64, r-release-macos-x86_64, r-oldrel-macos-x86_64