CRAN Package Check Results for Package HRM

Last updated on 2021-11-01 00:49:40 CET.

Flavor Version Tinstall Tcheck Ttotal Status Flags
r-devel-linux-x86_64-debian-clang 1.2.1 39.26 235.54 274.80 OK
r-devel-linux-x86_64-debian-gcc 1.2.1 30.18 180.32 210.50 OK
r-devel-linux-x86_64-fedora-clang 1.2.1 354.91 NOTE
r-devel-linux-x86_64-fedora-gcc 1.2.1 310.39 OK
r-devel-windows-x86_64 1.2.1 51.00 239.00 290.00 OK
r-devel-windows-x86_64-gcc10-UCRT 1.2.1 OK
r-patched-linux-x86_64 1.2.1 34.79 220.39 255.18 OK
r-patched-solaris-x86 1.2.1 404.00 OK
r-release-linux-x86_64 1.2.1 37.26 215.25 252.51 OK
r-release-macos-arm64 1.2.1 NOTE
r-release-macos-x86_64 1.2.1 OK
r-release-windows-ix86+x86_64 1.2.1 60.00 275.00 335.00 OK
r-oldrel-macos-x86_64 1.2.1 OK
r-oldrel-windows-ix86+x86_64 1.2.1 58.00 346.00 404.00 OK

Check Details

Version: 1.2.1
Check: package dependencies
Result: NOTE
    Suggests orphaned packages:
     ‘RGtk2’ ‘cairoDevice’
Flavor: r-devel-linux-x86_64-fedora-clang

Version: 1.2.1
Check: package dependencies
Result: NOTE
    Packages suggested but not available for checking: 'RGtk2', 'cairoDevice'
Flavor: r-release-macos-arm64