Last updated on 2021-11-01 00:49:40 CET.
Flavor | Version | Tinstall | Tcheck | Ttotal | Status | Flags |
---|---|---|---|---|---|---|
r-devel-linux-x86_64-debian-clang | 0.1.6 | 30.66 | 89.21 | 119.87 | NOTE | |
r-devel-linux-x86_64-debian-gcc | 0.1.6 | 29.07 | 102.84 | 131.91 | NOTE | |
r-devel-linux-x86_64-fedora-clang | 0.1.6 | 167.35 | NOTE | |||
r-devel-linux-x86_64-fedora-gcc | 0.1.6 | 148.74 | NOTE | |||
r-devel-windows-x86_64 | 0.1.6 | 39.00 | 126.00 | 165.00 | NOTE | |
r-devel-windows-x86_64-gcc10-UCRT | 0.1.6 | NOTE | ||||
r-patched-linux-x86_64 | 0.1.6 | 27.07 | 87.82 | 114.89 | NOTE | |
r-patched-solaris-x86 | 0.1.6 | 217.10 | NOTE | |||
r-release-linux-x86_64 | 0.1.6 | 32.16 | 130.62 | 162.78 | NOTE | |
r-release-macos-arm64 | 0.1.6 | NOTE | ||||
r-release-macos-x86_64 | 0.1.6 | NOTE | ||||
r-release-windows-ix86+x86_64 | 0.1.6 | 51.00 | 148.00 | 199.00 | NOTE | |
r-oldrel-macos-x86_64 | 0.1.6 | OK | ||||
r-oldrel-windows-ix86+x86_64 | 0.1.6 | 51.00 | 185.00 | 236.00 | OK |
Version: 0.1.6
Check: LazyData
Result: NOTE
'LazyData' is specified without a 'data' directory
Flavors: r-devel-linux-x86_64-debian-clang, r-devel-linux-x86_64-debian-gcc, r-devel-linux-x86_64-fedora-clang, r-devel-linux-x86_64-fedora-gcc, r-devel-windows-x86_64, r-devel-windows-x86_64-gcc10-UCRT, r-patched-linux-x86_64, r-patched-solaris-x86, r-release-linux-x86_64, r-release-macos-arm64, r-release-macos-x86_64, r-release-windows-ix86+x86_64