CRAN Package Check Results for Package HHG

Last updated on 2021-11-01 00:49:40 CET.

Flavor Version Tinstall Tcheck Ttotal Status Flags
r-devel-linux-x86_64-debian-clang 2.3.4 35.04 49.87 84.91 OK
r-devel-linux-x86_64-debian-gcc 2.3.4 23.63 39.01 62.64 OK
r-devel-linux-x86_64-fedora-clang 2.3.4 132.05 NOTE
r-devel-linux-x86_64-fedora-gcc 2.3.4 106.77 NOTE
r-devel-windows-x86_64 2.3.4 46.00 80.00 126.00 OK
r-devel-windows-x86_64-gcc10-UCRT 2.3.4 NOTE
r-patched-linux-x86_64 2.3.4 32.91 48.95 81.86 OK
r-patched-solaris-x86 2.3.4 117.20 NOTE
r-release-linux-x86_64 2.3.4 26.05 48.28 74.33 OK
r-release-macos-arm64 2.3.4 NOTE
r-release-macos-x86_64 2.3.4 NOTE
r-release-windows-ix86+x86_64 2.3.4 63.00 76.00 139.00 OK
r-oldrel-macos-x86_64 2.3.4 NOTE
r-oldrel-windows-ix86+x86_64 2.3.4 63.00 100.00 163.00 OK

Additional issues

rchk

Check Details

Version: 2.3.4
Check: dependencies in R code
Result: NOTE
    Namespace in Imports field not imported from: ‘rmarkdown’
     All declared Imports should be used.
Flavors: r-devel-linux-x86_64-fedora-clang, r-devel-linux-x86_64-fedora-gcc, r-devel-windows-x86_64-gcc10-UCRT, r-patched-solaris-x86, r-release-macos-arm64, r-release-macos-x86_64, r-oldrel-macos-x86_64