CRAN Package Check Results for Package GmAMisc

Last updated on 2021-11-01 00:49:39 CET.

Flavor Version Tinstall Tcheck Ttotal Status Flags
r-devel-linux-x86_64-debian-clang 1.2.0 41.50 404.93 446.43 OK
r-devel-linux-x86_64-debian-gcc 1.2.0 31.53 296.67 328.20 OK
r-devel-linux-x86_64-fedora-clang 1.2.0 525.60 NOTE
r-devel-linux-x86_64-fedora-gcc 1.2.0 518.20 OK
r-devel-windows-x86_64 1.2.0 66.00 480.00 546.00 OK
r-devel-windows-x86_64-gcc10-UCRT 1.2.0 OK
r-patched-linux-x86_64 1.2.0 38.09 386.79 424.88 OK
r-patched-solaris-x86 1.2.0 700.30 OK
r-release-linux-x86_64 1.2.0 38.28 382.96 421.24 OK
r-release-macos-arm64 1.2.0 OK
r-release-macos-x86_64 1.2.0 OK
r-release-windows-ix86+x86_64 1.2.0 77.00 339.00 416.00 OK
r-oldrel-macos-x86_64 1.2.0 OK
r-oldrel-windows-ix86+x86_64 1.2.0 72.00 502.00 574.00 OK

Check Details

Version: 1.2.0
Check: package dependencies
Result: NOTE
    Imports includes 25 non-default packages.
    Importing from so many packages makes the package vulnerable to any of
    them becoming unavailable. Move as many as possible to Suggests and
    use conditionally.
Flavor: r-devel-linux-x86_64-fedora-clang