CRAN Package Check Results for Package GiniDistance

Last updated on 2021-11-01 00:49:39 CET.

Flavor Version Tinstall Tcheck Ttotal Status Flags
r-devel-linux-x86_64-debian-clang 0.1.0 30.27 36.15 66.42 NOTE
r-devel-linux-x86_64-debian-gcc 0.1.0 22.06 26.70 48.76 NOTE
r-devel-linux-x86_64-fedora-clang 0.1.0 93.30 NOTE
r-devel-linux-x86_64-fedora-gcc 0.1.0 84.24 NOTE
r-devel-windows-x86_64 0.1.0 40.00 64.00 104.00 NOTE
r-devel-windows-x86_64-gcc10-UCRT 0.1.0 NOTE
r-patched-linux-x86_64 0.1.0 27.80 34.70 62.50 NOTE
r-patched-solaris-x86 0.1.0 96.60 NOTE
r-release-linux-x86_64 0.1.0 25.91 34.34 60.25 NOTE
r-release-macos-arm64 0.1.0 NOTE
r-release-macos-x86_64 0.1.0 NOTE
r-release-windows-ix86+x86_64 0.1.0 54.00 63.00 117.00 NOTE
r-oldrel-macos-x86_64 0.1.0 OK
r-oldrel-windows-ix86+x86_64 0.1.0 52.00 83.00 135.00 OK

Check Details

Version: 0.1.0
Check: LazyData
Result: NOTE
     'LazyData' is specified without a 'data' directory
Flavors: r-devel-linux-x86_64-debian-clang, r-devel-linux-x86_64-debian-gcc, r-devel-linux-x86_64-fedora-clang, r-devel-linux-x86_64-fedora-gcc, r-devel-windows-x86_64, r-devel-windows-x86_64-gcc10-UCRT, r-patched-linux-x86_64, r-patched-solaris-x86, r-release-linux-x86_64, r-release-macos-arm64, r-release-macos-x86_64, r-release-windows-ix86+x86_64