CRAN Package Check Results for Package GenomicMating

Last updated on 2021-11-01 00:49:39 CET.

Flavor Version Tinstall Tcheck Ttotal Status Flags
r-devel-linux-x86_64-debian-clang 2.0 39.33 78.98 118.31 OK
r-devel-linux-x86_64-debian-gcc 2.0 31.13 57.76 88.89 OK
r-devel-linux-x86_64-fedora-clang 2.0 174.14 NOTE
r-devel-linux-x86_64-fedora-gcc 2.0 147.44 NOTE
r-devel-windows-x86_64 2.0 54.00 117.00 171.00 OK
r-devel-windows-x86_64-gcc10-UCRT 2.0 NOTE
r-patched-linux-x86_64 2.0 33.84 74.08 107.92 OK
r-patched-solaris-x86 2.0 171.70 NOTE
r-release-linux-x86_64 2.0 34.05 73.49 107.54 OK
r-release-macos-arm64 2.0 NOTE
r-release-macos-x86_64 2.0 NOTE
r-release-windows-ix86+x86_64 2.0 74.00 103.00 177.00 OK
r-oldrel-macos-x86_64 2.0 NOTE
r-oldrel-windows-ix86+x86_64 2.0 71.00 139.00 210.00 OK

Check Details

Version: 2.0
Check: dependencies in R code
Result: NOTE
    Namespace in Imports field not imported from: ‘dplyr’
     All declared Imports should be used.
Flavors: r-devel-linux-x86_64-fedora-clang, r-devel-linux-x86_64-fedora-gcc, r-devel-windows-x86_64-gcc10-UCRT, r-patched-solaris-x86, r-release-macos-arm64, r-release-macos-x86_64, r-oldrel-macos-x86_64