CRAN Package Check Results for Package GeNetIt

Last updated on 2021-11-01 00:49:39 CET.

Flavor Version Tinstall Tcheck Ttotal Status Flags
r-devel-linux-x86_64-debian-clang 0.1-4 4.58 54.18 58.76 OK
r-devel-linux-x86_64-debian-gcc 0.1-4 4.35 41.55 45.90 OK
r-devel-linux-x86_64-fedora-clang 0.1-4 87.21 NOTE
r-devel-linux-x86_64-fedora-gcc 0.1-4 72.46 NOTE
r-devel-windows-x86_64 0.1-4 8.00 80.00 88.00 OK
r-devel-windows-x86_64-gcc10-UCRT 0.1-4 NOTE
r-patched-linux-x86_64 0.1-4 4.98 52.20 57.18 OK
r-patched-solaris-x86 0.1-4 99.30 NOTE
r-release-linux-x86_64 0.1-4 4.42 51.59 56.01 OK
r-release-macos-arm64 0.1-4 NOTE
r-release-macos-x86_64 0.1-4 NOTE
r-release-windows-ix86+x86_64 0.1-4 7.00 54.00 61.00 OK
r-oldrel-macos-x86_64 0.1-4 NOTE
r-oldrel-windows-ix86+x86_64 0.1-4 8.00 77.00 85.00 OK

Check Details

Version: 0.1-4
Check: dependencies in R code
Result: NOTE
    Namespace in Imports field not imported from: ‘rgeos’
     All declared Imports should be used.
Flavors: r-devel-linux-x86_64-fedora-clang, r-devel-linux-x86_64-fedora-gcc, r-devel-windows-x86_64-gcc10-UCRT, r-patched-solaris-x86, r-release-macos-arm64, r-release-macos-x86_64, r-oldrel-macos-x86_64