Last updated on 2021-11-01 00:49:40 CET.
Flavor | Version | Tinstall | Tcheck | Ttotal | Status | Flags |
---|---|---|---|---|---|---|
r-devel-linux-x86_64-debian-clang | 0.1.3 | 125.81 | 73.84 | 199.65 | OK | |
r-devel-linux-x86_64-debian-gcc | 0.1.3 | 91.72 | 47.12 | 138.84 | OK | |
r-devel-linux-x86_64-fedora-clang | 0.1.3 | 331.38 | NOTE | |||
r-devel-linux-x86_64-fedora-gcc | 0.1.3 | 272.32 | OK | |||
r-devel-windows-x86_64 | 0.1.3 | 171.00 | 104.00 | 275.00 | OK | |
r-devel-windows-x86_64-gcc10-UCRT | 0.1.3 | OK | ||||
r-patched-linux-x86_64 | 0.1.3 | 121.14 | 58.89 | 180.03 | OK | |
r-patched-solaris-x86 | 0.1.3 | 229.10 | OK | |||
r-release-linux-x86_64 | 0.1.3 | 109.51 | 58.99 | 168.50 | OK | |
r-release-macos-arm64 | 0.1.3 | NOTE | ||||
r-release-macos-x86_64 | 0.1.3 | NOTE | ||||
r-release-windows-ix86+x86_64 | 0.1.3 | 246.00 | 87.00 | 333.00 | OK | |
r-oldrel-macos-x86_64 | 0.1.3 | NOTE | ||||
r-oldrel-windows-ix86+x86_64 | 0.1.3 | 238.00 | 113.00 | 351.00 | OK |
Version: 0.1.3
Check: installed package size
Result: NOTE
installed size is 5.1Mb
sub-directories of 1Mb or more:
libs 4.6Mb
Flavors: r-devel-linux-x86_64-fedora-clang, r-release-macos-arm64, r-release-macos-x86_64, r-oldrel-macos-x86_64