CRAN Package Check Results for Package GPCMlasso

Last updated on 2021-11-01 00:49:40 CET.

Flavor Version Tinstall Tcheck Ttotal Status Flags
r-devel-linux-x86_64-debian-clang 0.1-5 58.78 198.83 257.61 OK
r-devel-linux-x86_64-debian-gcc 0.1-5 42.87 137.61 180.48 OK
r-devel-linux-x86_64-fedora-clang 0.1-5 350.85 OK
r-devel-linux-x86_64-fedora-gcc 0.1-5 298.81 OK
r-devel-windows-x86_64 0.1-5 74.00 212.00 286.00 OK
r-devel-windows-x86_64-gcc10-UCRT 0.1-5 OK
r-patched-linux-x86_64 0.1-5 58.65 176.39 235.04 OK
r-patched-solaris-x86 0.1-5 610.90 OK
r-release-linux-x86_64 0.1-5 51.52 174.93 226.45 OK
r-release-macos-arm64 0.1-5 NOTE
r-release-macos-x86_64 0.1-5 OK
r-release-windows-ix86+x86_64 0.1-5 98.00 228.00 326.00 OK
r-oldrel-macos-x86_64 0.1-5 OK
r-oldrel-windows-ix86+x86_64 0.1-5 96.00 306.00 402.00 OK

Check Details

Version: 0.1-5
Check: installed package size
Result: NOTE
     installed size is 5.2Mb
     sub-directories of 1Mb or more:
     libs 5.0Mb
Flavor: r-release-macos-arm64