CRAN Package Check Results for Package GOxploreR

Last updated on 2021-11-01 00:49:40 CET.

Flavor Version Tinstall Tcheck Ttotal Status Flags
r-devel-linux-x86_64-debian-clang 1.2.3 196.55 382.59 579.14 OK
r-devel-linux-x86_64-debian-gcc 1.2.3 168.89 282.49 451.38 OK
r-devel-linux-x86_64-fedora-clang 1.2.3 783.64 NOTE
r-devel-linux-x86_64-fedora-gcc 1.2.3 759.01 OK
r-devel-windows-x86_64 1.2.3 313.00 455.00 768.00 NOTE
r-devel-windows-x86_64-gcc10-UCRT 1.2.3 OK
r-patched-linux-x86_64 1.2.3 176.87 362.64 539.51 OK
r-patched-solaris-x86 1.2.3 1150.70 NOTE
r-release-linux-x86_64 1.2.3 179.45 361.10 540.55 OK
r-release-macos-arm64 1.2.3 NOTE
r-release-macos-x86_64 1.2.3 ERROR
r-release-windows-ix86+x86_64 1.2.3 248.00 322.00 570.00 NOTE
r-oldrel-macos-x86_64 1.2.3 NOTE
r-oldrel-windows-ix86+x86_64 1.2.3 230.00 448.00 678.00 NOTE

Check Details

Version: 1.2.3
Check: installed package size
Result: NOTE
     installed size is 6.8Mb
     sub-directories of 1Mb or more:
     R 6.2Mb
Flavors: r-devel-linux-x86_64-fedora-clang, r-devel-windows-x86_64, r-patched-solaris-x86, r-release-macos-arm64, r-release-windows-ix86+x86_64, r-oldrel-macos-x86_64, r-oldrel-windows-ix86+x86_64

Version: 1.2.3
Check: package dependencies
Result: ERROR
    Package required but not available: ‘GO.db’
    
    See section ‘The DESCRIPTION file’ in the ‘Writing R Extensions’
    manual.
Flavor: r-release-macos-x86_64