Last updated on 2021-11-01 00:49:39 CET.
Flavor | Version | Tinstall | Tcheck | Ttotal | Status | Flags |
---|---|---|---|---|---|---|
r-devel-linux-x86_64-debian-clang | 2.0.0 | 36.07 | 66.26 | 102.33 | OK | |
r-devel-linux-x86_64-debian-gcc | 2.0.0 | 26.71 | 50.03 | 76.74 | OK | |
r-devel-linux-x86_64-fedora-clang | 2.0.0 | 147.47 | NOTE | |||
r-devel-linux-x86_64-fedora-gcc | 2.0.0 | 127.68 | NOTE | |||
r-devel-windows-x86_64 | 2.0.0 | 48.00 | 103.00 | 151.00 | OK | |
r-devel-windows-x86_64-gcc10-UCRT | 2.0.0 | NOTE | ||||
r-patched-linux-x86_64 | 2.0.0 | 33.22 | 61.84 | 95.06 | OK | |
r-patched-solaris-x86 | 2.0.0 | 149.30 | NOTE | |||
r-release-linux-x86_64 | 2.0.0 | 32.10 | 61.49 | 93.59 | OK | |
r-release-macos-arm64 | 2.0.0 | NOTE | ||||
r-release-macos-x86_64 | 2.0.0 | NOTE | ||||
r-release-windows-ix86+x86_64 | 2.0.0 | 67.00 | 95.00 | 162.00 | OK | |
r-oldrel-macos-x86_64 | 2.0.0 | NOTE | ||||
r-oldrel-windows-ix86+x86_64 | 2.0.0 | 64.00 | 95.00 | 159.00 | OK |
Version: 2.0.0
Check: dependencies in R code
Result: NOTE
Namespaces in Imports field not imported from:
‘Rdpack’ ‘mathjaxr’
All declared Imports should be used.
Flavors: r-devel-linux-x86_64-fedora-clang, r-devel-linux-x86_64-fedora-gcc, r-devel-windows-x86_64-gcc10-UCRT, r-patched-solaris-x86, r-release-macos-arm64, r-release-macos-x86_64, r-oldrel-macos-x86_64