Last updated on 2021-11-01 00:49:39 CET.
Flavor | Version | Tinstall | Tcheck | Ttotal | Status | Flags |
---|---|---|---|---|---|---|
r-devel-linux-x86_64-debian-clang | 0.5.1 | 3.38 | 61.22 | 64.60 | OK | |
r-devel-linux-x86_64-debian-gcc | 0.5.1 | 2.72 | 46.42 | 49.14 | OK | |
r-devel-linux-x86_64-fedora-clang | 0.5.1 | 90.70 | NOTE | |||
r-devel-linux-x86_64-fedora-gcc | 0.5.1 | 80.06 | NOTE | |||
r-devel-windows-x86_64 | 0.5.1 | 6.00 | 86.00 | 92.00 | OK | |
r-devel-windows-x86_64-gcc10-UCRT | 0.5.1 | NOTE | ||||
r-patched-linux-x86_64 | 0.5.1 | 3.57 | 59.05 | 62.62 | OK | |
r-patched-solaris-x86 | 0.5.1 | 104.20 | NOTE | |||
r-release-linux-x86_64 | 0.5.1 | 3.17 | 57.93 | 61.10 | OK | |
r-release-macos-arm64 | 0.5.1 | NOTE | ||||
r-release-macos-x86_64 | 0.5.1 | NOTE | ||||
r-release-windows-ix86+x86_64 | 0.5.1 | 5.00 | 70.00 | 75.00 | OK | |
r-oldrel-macos-x86_64 | 0.5.1 | NOTE | ||||
r-oldrel-windows-ix86+x86_64 | 0.5.1 | 5.00 | 90.00 | 95.00 | OK |
Version: 0.5.1
Check: dependencies in R code
Result: NOTE
Namespaces in Imports field not imported from:
‘crayon’ ‘lifecycle’
All declared Imports should be used.
Flavors: r-devel-linux-x86_64-fedora-clang, r-devel-linux-x86_64-fedora-gcc, r-devel-windows-x86_64-gcc10-UCRT, r-patched-solaris-x86, r-release-macos-arm64, r-release-macos-x86_64, r-oldrel-macos-x86_64