Last updated on 2021-11-01 00:49:39 CET.
Flavor | Version | Tinstall | Tcheck | Ttotal | Status | Flags |
---|---|---|---|---|---|---|
r-devel-linux-x86_64-debian-clang | 3.1.0 | 4.17 | 55.69 | 59.86 | OK | |
r-devel-linux-x86_64-debian-gcc | 3.1.0 | 3.44 | 40.65 | 44.09 | OK | |
r-devel-linux-x86_64-fedora-clang | 3.1.0 | 82.05 | NOTE | |||
r-devel-linux-x86_64-fedora-gcc | 3.1.0 | 75.26 | NOTE | |||
r-devel-windows-x86_64 | 3.1.0 | 8.00 | 77.00 | 85.00 | OK | |
r-devel-windows-x86_64-gcc10-UCRT | 3.1.0 | NOTE | ||||
r-patched-linux-x86_64 | 3.1.0 | 3.72 | 52.98 | 56.70 | OK | |
r-patched-solaris-x86 | 3.1.0 | 95.80 | NOTE | |||
r-release-linux-x86_64 | 3.1.0 | 4.31 | 53.21 | 57.52 | OK | |
r-release-macos-arm64 | 3.1.0 | NOTE | ||||
r-release-macos-x86_64 | 3.1.0 | NOTE | ||||
r-release-windows-ix86+x86_64 | 3.1.0 | 7.00 | 63.00 | 70.00 | OK | |
r-oldrel-macos-x86_64 | 3.1.0 | NOTE | ||||
r-oldrel-windows-ix86+x86_64 | 3.1.0 | 9.00 | 59.00 | 68.00 | OK |
Version: 3.1.0
Check: dependencies in R code
Result: NOTE
Namespaces in Imports field not imported from:
‘Rcpp’ ‘arm’ ‘usethis’
All declared Imports should be used.
Flavors: r-devel-linux-x86_64-fedora-clang, r-devel-linux-x86_64-fedora-gcc, r-devel-windows-x86_64-gcc10-UCRT, r-patched-solaris-x86, r-release-macos-arm64, r-release-macos-x86_64, r-oldrel-macos-x86_64