Last updated on 2021-11-01 00:49:39 CET.
Flavor | Version | Tinstall | Tcheck | Ttotal | Status | Flags |
---|---|---|---|---|---|---|
r-devel-linux-x86_64-debian-clang | 4.0.7 | 2.16 | 34.90 | 37.06 | OK | |
r-devel-linux-x86_64-debian-gcc | 4.0.7 | 1.63 | 27.99 | 29.62 | OK | |
r-devel-linux-x86_64-fedora-clang | 4.0.7 | 57.22 | NOTE | |||
r-devel-linux-x86_64-fedora-gcc | 4.0.7 | 45.38 | NOTE | |||
r-devel-windows-x86_64 | 4.0.7 | 4.00 | 58.00 | 62.00 | OK | |
r-devel-windows-x86_64-gcc10-UCRT | 4.0.7 | NOTE | ||||
r-patched-linux-x86_64 | 4.0.7 | 2.50 | 33.93 | 36.43 | OK | |
r-patched-solaris-x86 | 4.0.7 | 70.70 | NOTE | |||
r-release-linux-x86_64 | 4.0.7 | 1.88 | 33.91 | 35.79 | OK | |
r-release-macos-arm64 | 4.0.7 | NOTE | ||||
r-release-macos-x86_64 | 4.0.7 | NOTE | ||||
r-release-windows-ix86+x86_64 | 4.0.7 | 4.00 | 43.00 | 47.00 | OK | |
r-oldrel-macos-x86_64 | 4.0.7 | NOTE | ||||
r-oldrel-windows-ix86+x86_64 | 4.0.7 | 3.00 | 56.00 | 59.00 | OK |
Version: 4.0.7
Check: dependencies in R code
Result: NOTE
Namespace in Imports field not imported from: ‘raster’
All declared Imports should be used.
Flavors: r-devel-linux-x86_64-fedora-clang, r-devel-linux-x86_64-fedora-gcc, r-devel-windows-x86_64-gcc10-UCRT, r-patched-solaris-x86, r-release-macos-arm64, r-release-macos-x86_64, r-oldrel-macos-x86_64
Version: 4.0.7
Check: data for non-ASCII characters
Result: NOTE
Note: found 103 marked UTF-8 strings
Flavors: r-devel-linux-x86_64-fedora-clang, r-devel-linux-x86_64-fedora-gcc, r-devel-windows-x86_64-gcc10-UCRT, r-patched-solaris-x86, r-release-macos-arm64, r-release-macos-x86_64, r-oldrel-macos-x86_64