Last updated on 2021-11-01 00:49:39 CET.
Flavor | Version | Tinstall | Tcheck | Ttotal | Status | Flags |
---|---|---|---|---|---|---|
r-devel-linux-x86_64-debian-clang | 0.9.5 | 6.47 | 36.61 | 43.08 | NOTE | |
r-devel-linux-x86_64-debian-gcc | 0.9.5 | 6.45 | 28.57 | 35.02 | NOTE | |
r-devel-linux-x86_64-fedora-clang | 0.9.5 | 66.21 | NOTE | |||
r-devel-linux-x86_64-fedora-gcc | 0.9.5 | 53.86 | NOTE | |||
r-devel-windows-x86_64 | 0.9.5 | 10.00 | 61.00 | 71.00 | NOTE | |
r-devel-windows-x86_64-gcc10-UCRT | 0.9.5 | NOTE | ||||
r-patched-linux-x86_64 | 0.9.5 | 7.45 | 33.07 | 40.52 | NOTE | |
r-patched-solaris-x86 | 0.9.5 | 76.00 | NOTE | |||
r-release-linux-x86_64 | 0.9.5 | 6.48 | 33.08 | 39.56 | NOTE | |
r-release-macos-arm64 | 0.9.5 | NOTE | ||||
r-release-macos-x86_64 | 0.9.5 | NOTE | ||||
r-release-windows-ix86+x86_64 | 0.9.5 | 12.00 | 41.00 | 53.00 | NOTE | |
r-oldrel-macos-x86_64 | 0.9.5 | OK | ||||
r-oldrel-windows-ix86+x86_64 | 0.9.5 | 9.00 | 53.00 | 62.00 | OK |
Version: 0.9.5
Check: LazyData
Result: NOTE
'LazyData' is specified without a 'data' directory
Flavors: r-devel-linux-x86_64-debian-clang, r-devel-linux-x86_64-debian-gcc, r-devel-linux-x86_64-fedora-clang, r-devel-linux-x86_64-fedora-gcc, r-devel-windows-x86_64, r-devel-windows-x86_64-gcc10-UCRT, r-patched-linux-x86_64, r-patched-solaris-x86, r-release-linux-x86_64, r-release-macos-arm64, r-release-macos-x86_64, r-release-windows-ix86+x86_64