Last updated on 2021-11-01 00:49:38 CET.
Flavor | Version | Tinstall | Tcheck | Ttotal | Status | Flags |
---|---|---|---|---|---|---|
r-devel-linux-x86_64-debian-clang | 0.2.5 | 19.96 | 129.24 | 149.20 | OK | |
r-devel-linux-x86_64-debian-gcc | 0.2.5 | 15.18 | 96.55 | 111.73 | OK | |
r-devel-linux-x86_64-fedora-clang | 0.2.5 | 205.89 | NOTE | |||
r-devel-linux-x86_64-fedora-gcc | 0.2.5 | 177.03 | NOTE | |||
r-devel-windows-x86_64 | 0.2.5 | 29.00 | 170.00 | 199.00 | OK | |
r-devel-windows-x86_64-gcc10-UCRT | 0.2.5 | NOTE | ||||
r-patched-linux-x86_64 | 0.2.5 | 18.64 | 135.26 | 153.90 | OK | |
r-patched-solaris-x86 | 0.2.5 | 151.80 | NOTE | |||
r-release-linux-x86_64 | 0.2.5 | 18.44 | 134.11 | 152.55 | OK | |
r-release-macos-arm64 | 0.2.5 | NOTE | ||||
r-release-macos-x86_64 | 0.2.5 | NOTE | ||||
r-release-windows-ix86+x86_64 | 0.2.5 | 36.00 | 150.00 | 186.00 | NOTE | |
r-oldrel-macos-x86_64 | 0.2.5 | NOTE | ||||
r-oldrel-windows-ix86+x86_64 | 0.2.5 | 38.00 | 214.00 | 252.00 | NOTE |
Version: 0.2.5
Check: dependencies in R code
Result: NOTE
Namespace in Imports field not imported from: ‘methods’
All declared Imports should be used.
Flavors: r-devel-linux-x86_64-fedora-clang, r-devel-linux-x86_64-fedora-gcc, r-devel-windows-x86_64-gcc10-UCRT, r-patched-solaris-x86, r-release-macos-arm64, r-release-macos-x86_64, r-oldrel-macos-x86_64
Version: 0.2.5
Check: installed package size
Result: NOTE
installed size is 5.5Mb
sub-directories of 1Mb or more:
data 2.4Mb
libs 2.0Mb
Flavors: r-release-windows-ix86+x86_64, r-oldrel-windows-ix86+x86_64