CRAN Package Check Results for Package ForestGapR

Last updated on 2021-11-01 00:49:38 CET.

Flavor Version Tinstall Tcheck Ttotal Status Flags
r-devel-linux-x86_64-debian-clang 0.1.6 2.55 63.15 65.70 OK
r-devel-linux-x86_64-debian-gcc 0.1.6 2.22 47.03 49.25 OK
r-devel-linux-x86_64-fedora-clang 0.1.6 91.61 NOTE
r-devel-linux-x86_64-fedora-gcc 0.1.6 77.65 NOTE
r-devel-windows-x86_64 0.1.6 5.00 91.00 96.00 OK
r-devel-windows-x86_64-gcc10-UCRT 0.1.6 NOTE
r-patched-linux-x86_64 0.1.6 2.37 60.33 62.70 OK
r-patched-solaris-x86 0.1.6 107.60 NOTE
r-release-linux-x86_64 0.1.6 2.29 60.81 63.10 OK
r-release-macos-arm64 0.1.6 NOTE
r-release-macos-x86_64 0.1.6 NOTE
r-release-windows-ix86+x86_64 0.1.6 4.00 60.00 64.00 OK
r-oldrel-macos-x86_64 0.1.6 NOTE
r-oldrel-windows-ix86+x86_64 0.1.6 4.00 96.00 100.00 OK

Check Details

Version: 0.1.6
Check: dependencies in R code
Result: NOTE
    Namespaces in Imports field not imported from:
     ‘igraph’ ‘rgeos’ ‘viridis’
     All declared Imports should be used.
Flavors: r-devel-linux-x86_64-fedora-clang, r-devel-linux-x86_64-fedora-gcc, r-devel-windows-x86_64-gcc10-UCRT, r-patched-solaris-x86, r-release-macos-arm64, r-release-macos-x86_64, r-oldrel-macos-x86_64

Version: 0.1.6
Check: Rd cross-references
Result: NOTE
    Undeclared package ‘rgdal’ in Rd xrefs
Flavor: r-devel-linux-x86_64-fedora-clang