CRAN Package Check Results for Package FielDHub

Last updated on 2021-11-01 00:49:38 CET.

Flavor Version Tinstall Tcheck Ttotal Status Flags
r-devel-linux-x86_64-debian-clang 0.1.0 20.80 165.38 186.18 OK
r-devel-linux-x86_64-debian-gcc 0.1.0 17.52 118.38 135.90 OK
r-devel-linux-x86_64-fedora-clang 0.1.0 247.04 NOTE
r-devel-linux-x86_64-fedora-gcc 0.1.0 216.44 NOTE
r-devel-windows-x86_64 0.1.0 37.00 193.00 230.00 OK
r-devel-windows-x86_64-gcc10-UCRT 0.1.0 NOTE
r-patched-linux-x86_64 0.1.0 21.17 156.28 177.45 OK
r-patched-solaris-x86 0.1.0 276.80 NOTE
r-release-linux-x86_64 0.1.0 23.13 155.27 178.40 OK
r-release-macos-arm64 0.1.0 NOTE
r-release-macos-x86_64 0.1.0 NOTE
r-release-windows-ix86+x86_64 0.1.0 33.00 128.00 161.00 OK
r-oldrel-macos-x86_64 0.1.0 NOTE
r-oldrel-windows-ix86+x86_64 0.1.0 32.00 126.00 158.00 OK

Check Details

Version: 0.1.0
Check: dependencies in R code
Result: NOTE
    Namespaces in Imports field not imported from:
     ‘attempt’ ‘glue’
     All declared Imports should be used.
Flavors: r-devel-linux-x86_64-fedora-clang, r-devel-linux-x86_64-fedora-gcc, r-devel-windows-x86_64-gcc10-UCRT, r-patched-solaris-x86, r-release-macos-arm64, r-release-macos-x86_64, r-oldrel-macos-x86_64