Last updated on 2021-11-01 00:49:38 CET.
Flavor | Version | Tinstall | Tcheck | Ttotal | Status | Flags |
---|---|---|---|---|---|---|
r-devel-linux-x86_64-debian-clang | 0.9.5 | 11.28 | 83.26 | 94.54 | NOTE | |
r-devel-linux-x86_64-debian-gcc | 0.9.5 | 8.60 | 63.66 | 72.26 | NOTE | |
r-devel-linux-x86_64-fedora-clang | 0.9.5 | 133.84 | NOTE | |||
r-devel-linux-x86_64-fedora-gcc | 0.9.5 | 113.41 | NOTE | |||
r-devel-windows-x86_64 | 0.9.5 | 16.00 | 105.00 | 121.00 | NOTE | |
r-devel-windows-x86_64-gcc10-UCRT | 0.9.5 | NOTE | ||||
r-patched-linux-x86_64 | 0.9.5 | 11.54 | 79.45 | 90.99 | NOTE | |
r-patched-solaris-x86 | 0.9.5 | 172.60 | NOTE | |||
r-release-linux-x86_64 | 0.9.5 | 11.38 | 78.94 | 90.32 | NOTE | |
r-release-macos-arm64 | 0.9.5 | NOTE | ||||
r-release-macos-x86_64 | 0.9.5 | NOTE | ||||
r-release-windows-ix86+x86_64 | 0.9.5 | 17.00 | 70.00 | 87.00 | NOTE | |
r-oldrel-macos-x86_64 | 0.9.5 | OK | ||||
r-oldrel-windows-ix86+x86_64 | 0.9.5 | 15.00 | 101.00 | 116.00 | OK |
Version: 0.9.5
Check: LazyData
Result: NOTE
'LazyData' is specified without a 'data' directory
Flavors: r-devel-linux-x86_64-debian-clang, r-devel-linux-x86_64-debian-gcc, r-devel-linux-x86_64-fedora-clang, r-devel-linux-x86_64-fedora-gcc, r-devel-windows-x86_64, r-devel-windows-x86_64-gcc10-UCRT, r-patched-linux-x86_64, r-patched-solaris-x86, r-release-linux-x86_64, r-release-macos-arm64, r-release-macos-x86_64, r-release-windows-ix86+x86_64