Last updated on 2021-11-01 00:49:38 CET.
Flavor | Version | Tinstall | Tcheck | Ttotal | Status | Flags |
---|---|---|---|---|---|---|
r-devel-linux-x86_64-debian-clang | 0.9.1.4 | 76.85 | 116.44 | 193.29 | OK | |
r-devel-linux-x86_64-debian-gcc | 0.9.1.4 | 57.22 | 92.49 | 149.71 | OK | |
r-devel-linux-x86_64-fedora-clang | 0.9.1.4 | 296.67 | OK | |||
r-devel-linux-x86_64-fedora-gcc | 0.9.1.4 | 249.50 | OK | |||
r-devel-windows-x86_64 | 0.9.1.4 | 103.00 | 169.00 | 272.00 | OK | |
r-devel-windows-x86_64-gcc10-UCRT | 0.9.1.4 | OK | ||||
r-patched-linux-x86_64 | 0.9.1.4 | 70.22 | 113.75 | 183.97 | OK | |
r-patched-solaris-x86 | 0.9.1.4 | 280.10 | OK | |||
r-release-linux-x86_64 | 0.9.1.4 | 65.91 | 112.80 | 178.71 | OK | |
r-release-macos-arm64 | 0.9.1.4 | NOTE | ||||
r-release-macos-x86_64 | 0.9.1.4 | OK | ||||
r-release-windows-ix86+x86_64 | 0.9.1.4 | 132.00 | 164.00 | 296.00 | OK | |
r-oldrel-macos-x86_64 | 0.9.1.4 | OK | ||||
r-oldrel-windows-ix86+x86_64 | 0.9.1.4 | 132.00 | 228.00 | 360.00 | OK |
Version: 0.9.1.4
Check: installed package size
Result: NOTE
installed size is 5.7Mb
sub-directories of 1Mb or more:
libs 5.0Mb
Flavor: r-release-macos-arm64