Last updated on 2021-11-01 00:49:38 CET.
Flavor | Version | Tinstall | Tcheck | Ttotal | Status | Flags |
---|---|---|---|---|---|---|
r-devel-linux-x86_64-debian-clang | 0.1.3 | 24.26 | 20.32 | 44.58 | OK | |
r-devel-linux-x86_64-debian-gcc | 0.1.3 | 17.88 | 17.47 | 35.35 | OK | |
r-devel-linux-x86_64-fedora-clang | 0.1.3 | 74.70 | NOTE | |||
r-devel-linux-x86_64-fedora-gcc | 0.1.3 | 58.23 | OK | |||
r-devel-windows-x86_64 | 0.1.3 | 25.00 | 52.00 | 77.00 | OK | |
r-devel-windows-x86_64-gcc10-UCRT | 0.1.3 | OK | ||||
r-patched-linux-x86_64 | 0.1.3 | 20.17 | 20.84 | 41.01 | OK | |
r-patched-solaris-x86 | 0.1.3 | 61.90 | OK | |||
r-release-linux-x86_64 | 0.1.3 | 19.57 | 20.55 | 40.12 | OK | |
r-release-macos-arm64 | 0.1.3 | NOTE | ||||
r-release-macos-x86_64 | 0.1.3 | NOTE | ||||
r-release-windows-ix86+x86_64 | 0.1.3 | 35.00 | 44.00 | 79.00 | OK | |
r-oldrel-macos-x86_64 | 0.1.3 | NOTE | ||||
r-oldrel-windows-ix86+x86_64 | 0.1.3 | 32.00 | 61.00 | 93.00 | OK |
Version: 0.1.3
Check: installed package size
Result: NOTE
installed size is 8.1Mb
sub-directories of 1Mb or more:
libs 8.0Mb
Flavors: r-devel-linux-x86_64-fedora-clang, r-release-macos-arm64, r-release-macos-x86_64, r-oldrel-macos-x86_64