Last updated on 2021-11-01 00:49:38 CET.
Flavor | Version | Tinstall | Tcheck | Ttotal | Status | Flags |
---|---|---|---|---|---|---|
r-devel-linux-x86_64-debian-clang | 8.6.6 | 313.43 | 55.36 | 368.79 | NOTE | |
r-devel-linux-x86_64-debian-gcc | 8.6.6 | 254.69 | 44.78 | 299.47 | NOTE | |
r-devel-linux-x86_64-fedora-clang | 8.6.6 | 605.89 | NOTE | |||
r-devel-linux-x86_64-fedora-gcc | 8.6.6 | 556.75 | NOTE | |||
r-devel-windows-x86_64 | 8.6.6 | 387.00 | 90.00 | 477.00 | NOTE | |
r-devel-windows-x86_64-gcc10-UCRT | 8.6.6 | NOTE | ||||
r-patched-linux-x86_64 | 8.6.6 | 293.16 | 53.96 | 347.12 | NOTE | |
r-patched-solaris-x86 | 8.6.6 | 441.80 | NOTE | |||
r-release-linux-x86_64 | 8.6.6 | 298.78 | 54.10 | 352.88 | NOTE | |
r-release-macos-arm64 | 8.6.6 | NOTE | ||||
r-release-macos-x86_64 | 8.6.6 | NOTE | ||||
r-release-windows-ix86+x86_64 | 8.6.6 | 624.00 | 99.00 | 723.00 | NOTE | |
r-oldrel-macos-x86_64 | 8.6.6 | NOTE | ||||
r-oldrel-windows-ix86+x86_64 | 8.6.6 | 563.00 | 112.00 | 675.00 | NOTE |
Version: 8.6.6
Check: LazyData
Result: NOTE
'LazyData' is specified without a 'data' directory
Flavors: r-devel-linux-x86_64-debian-clang, r-devel-linux-x86_64-debian-gcc, r-devel-linux-x86_64-fedora-clang, r-devel-linux-x86_64-fedora-gcc, r-devel-windows-x86_64, r-devel-windows-x86_64-gcc10-UCRT, r-patched-linux-x86_64, r-patched-solaris-x86, r-release-linux-x86_64, r-release-macos-arm64, r-release-macos-x86_64, r-release-windows-ix86+x86_64
Version: 8.6.6
Check: for GNU extensions in Makefiles
Result: NOTE
GNU make is a SystemRequirements.
Flavors: r-devel-linux-x86_64-debian-clang, r-devel-linux-x86_64-debian-gcc, r-devel-linux-x86_64-fedora-clang, r-devel-linux-x86_64-fedora-gcc, r-devel-windows-x86_64, r-devel-windows-x86_64-gcc10-UCRT, r-patched-linux-x86_64, r-patched-solaris-x86, r-release-linux-x86_64, r-release-macos-arm64, r-release-macos-x86_64, r-release-windows-ix86+x86_64, r-oldrel-macos-x86_64, r-oldrel-windows-ix86+x86_64
Version: 8.6.6
Check: installed package size
Result: NOTE
installed size is 25.1Mb
sub-directories of 1Mb or more:
libs 24.8Mb
Flavors: r-devel-linux-x86_64-fedora-clang, r-release-macos-arm64, r-release-macos-x86_64, r-release-windows-ix86+x86_64, r-oldrel-macos-x86_64, r-oldrel-windows-ix86+x86_64