Last updated on 2021-11-01 00:49:37 CET.
Flavor | Version | Tinstall | Tcheck | Ttotal | Status | Flags |
---|---|---|---|---|---|---|
r-devel-linux-x86_64-debian-clang | 1.3.2 | 915.79 | 201.61 | 1117.40 | NOTE | |
r-devel-linux-x86_64-debian-gcc | 1.3.2 | 820.03 | 193.48 | 1013.51 | NOTE | |
r-devel-linux-x86_64-fedora-clang | 1.3.2 | 1795.79 | NOTE | |||
r-devel-linux-x86_64-fedora-gcc | 1.3.2 | 1861.97 | NOTE | |||
r-devel-windows-x86_64 | 1.3.2 | 1077.00 | 313.00 | 1390.00 | NOTE | |
r-devel-windows-x86_64-gcc10-UCRT | 1.3.2 | NOTE | ||||
r-patched-linux-x86_64 | 1.3.2 | 858.55 | 240.65 | 1099.20 | NOTE | |
r-patched-solaris-x86 | 1.3.2 | 1433.60 | NOTE | |||
r-release-linux-x86_64 | 1.3.2 | 919.87 | 239.10 | 1158.97 | NOTE | |
r-release-macos-arm64 | 1.3.2 | NOTE | ||||
r-release-macos-x86_64 | 1.3.2 | NOTE | ||||
r-release-windows-ix86+x86_64 | 1.3.2 | 1544.00 | 339.00 | 1883.00 | NOTE | |
r-oldrel-macos-x86_64 | 1.3.2 | NOTE | ||||
r-oldrel-windows-ix86+x86_64 | 1.3.2 | 1558.00 | 352.00 | 1910.00 | NOTE |
Version: 1.3.2
Check: package dependencies
Result: NOTE
Package suggested but not available for checking: 'EpiSoon'
Flavors: r-devel-linux-x86_64-debian-clang, r-devel-linux-x86_64-debian-gcc, r-devel-linux-x86_64-fedora-clang, r-devel-linux-x86_64-fedora-gcc, r-devel-windows-x86_64, r-devel-windows-x86_64-gcc10-UCRT, r-patched-linux-x86_64, r-patched-solaris-x86, r-release-linux-x86_64, r-release-macos-arm64, r-release-macos-x86_64, r-release-windows-ix86+x86_64, r-oldrel-macos-x86_64, r-oldrel-windows-ix86+x86_64
Version: 1.3.2
Check: installed package size
Result: NOTE
installed size is 119.4Mb
sub-directories of 1Mb or more:
libs 117.6Mb
Flavors: r-devel-linux-x86_64-fedora-clang, r-devel-windows-x86_64, r-patched-solaris-x86, r-release-macos-arm64, r-release-macos-x86_64, r-release-windows-ix86+x86_64, r-oldrel-macos-x86_64, r-oldrel-windows-ix86+x86_64