Last updated on 2021-11-01 00:49:37 CET.
Flavor | Version | Tinstall | Tcheck | Ttotal | Status | Flags |
---|---|---|---|---|---|---|
r-devel-linux-x86_64-debian-clang | 0.3-9 | 12.76 | 57.08 | 69.84 | OK | |
r-devel-linux-x86_64-debian-gcc | 0.3-9 | 10.36 | 45.35 | 55.71 | OK | |
r-devel-linux-x86_64-fedora-clang | 0.3-9 | 103.27 | NOTE | |||
r-devel-linux-x86_64-fedora-gcc | 0.3-9 | 93.38 | OK | |||
r-devel-windows-x86_64 | 0.3-9 | 22.00 | 91.00 | 113.00 | OK | |
r-devel-windows-x86_64-gcc10-UCRT | 0.3-9 | OK | ||||
r-patched-linux-x86_64 | 0.3-9 | 20.81 | 54.81 | 75.62 | OK | |
r-patched-solaris-x86 | 0.3-9 | 122.50 | OK | |||
r-release-linux-x86_64 | 0.3-9 | 11.47 | 55.33 | 66.80 | OK | |
r-release-macos-arm64 | 0.3-9 | NOTE | ||||
r-release-macos-x86_64 | 0.3-9 | OK | ||||
r-release-windows-ix86+x86_64 | 0.3-9 | 23.00 | 65.00 | 88.00 | OK | |
r-oldrel-macos-x86_64 | 0.3-9 | OK | ||||
r-oldrel-windows-ix86+x86_64 | 0.3-9 | 23.00 | 91.00 | 114.00 | OK |
Version: 0.3-9
Check: Rd cross-references
Result: NOTE
Undeclared packages ‘plm’, ‘systemfit’, ‘carData’, ‘wooldridge’ in Rd xrefs
Flavor: r-devel-linux-x86_64-fedora-clang
Version: 0.3-9
Check: installed package size
Result: NOTE
installed size is 5.3Mb
sub-directories of 1Mb or more:
data 4.7Mb
Flavor: r-release-macos-arm64