Last updated on 2021-11-01 00:49:36 CET.
Flavor | Version | Tinstall | Tcheck | Ttotal | Status | Flags |
---|---|---|---|---|---|---|
r-devel-linux-x86_64-debian-clang | 1.9 | 11.58 | 81.30 | 92.88 | NOTE | |
r-devel-linux-x86_64-debian-gcc | 1.9 | 9.32 | 62.10 | 71.42 | NOTE | |
r-devel-linux-x86_64-fedora-clang | 1.9 | 126.45 | NOTE | |||
r-devel-linux-x86_64-fedora-gcc | 1.9 | 111.05 | NOTE | |||
r-devel-windows-x86_64 | 1.9 | 16.00 | 100.00 | 116.00 | NOTE | |
r-devel-windows-x86_64-gcc10-UCRT | 1.9 | NOTE | ||||
r-patched-linux-x86_64 | 1.9 | 12.24 | 79.23 | 91.47 | NOTE | |
r-patched-solaris-x86 | 1.9 | 158.30 | NOTE | |||
r-release-linux-x86_64 | 1.9 | 11.58 | 79.16 | 90.74 | NOTE | |
r-release-macos-arm64 | 1.9 | NOTE | ||||
r-release-macos-x86_64 | 1.9 | NOTE | ||||
r-release-windows-ix86+x86_64 | 1.9 | 17.00 | 74.00 | 91.00 | NOTE | |
r-oldrel-macos-x86_64 | 1.9 | OK | ||||
r-oldrel-windows-ix86+x86_64 | 1.9 | 16.00 | 101.00 | 117.00 | OK |
Version: 1.9
Check: LazyData
Result: NOTE
'LazyData' is specified without a 'data' directory
Flavors: r-devel-linux-x86_64-debian-clang, r-devel-linux-x86_64-debian-gcc, r-devel-linux-x86_64-fedora-clang, r-devel-linux-x86_64-fedora-gcc, r-devel-windows-x86_64, r-devel-windows-x86_64-gcc10-UCRT, r-patched-linux-x86_64, r-patched-solaris-x86, r-release-linux-x86_64, r-release-macos-arm64, r-release-macos-x86_64, r-release-windows-ix86+x86_64