CRAN Package Check Results for Package DSAIDE

Last updated on 2021-11-01 00:49:36 CET.

Flavor Version Tinstall Tcheck Ttotal Status Flags
r-devel-linux-x86_64-debian-clang 0.9.3 10.28 160.13 170.41 OK
r-devel-linux-x86_64-debian-gcc 0.9.3 8.68 113.73 122.41 OK
r-devel-linux-x86_64-fedora-clang 0.9.3 216.03 NOTE
r-devel-linux-x86_64-fedora-gcc 0.9.3 202.92 OK
r-devel-windows-x86_64 0.9.3 16.00 198.00 214.00 NOTE
r-devel-windows-x86_64-gcc10-UCRT 0.9.3 OK
r-patched-linux-x86_64 0.9.3 12.39 149.94 162.33 OK
r-patched-solaris-x86 0.9.3 225.50 NOTE
r-release-linux-x86_64 0.9.3 10.57 148.03 158.60 OK
r-release-macos-arm64 0.9.3 NOTE
r-release-macos-x86_64 0.9.3 NOTE
r-release-windows-ix86+x86_64 0.9.3 15.00 138.00 153.00 NOTE
r-oldrel-macos-x86_64 0.9.3 NOTE
r-oldrel-windows-ix86+x86_64 0.9.3 16.00 140.00 156.00 NOTE

Check Details

Version: 0.9.3
Check: installed package size
Result: NOTE
     installed size is 5.2Mb
     sub-directories of 1Mb or more:
     appinformation 4.1Mb
Flavors: r-devel-linux-x86_64-fedora-clang, r-devel-windows-x86_64, r-patched-solaris-x86, r-release-macos-arm64, r-release-macos-x86_64, r-release-windows-ix86+x86_64, r-oldrel-macos-x86_64, r-oldrel-windows-ix86+x86_64