Last updated on 2021-11-01 00:49:36 CET.
Flavor | Version | Tinstall | Tcheck | Ttotal | Status | Flags |
---|---|---|---|---|---|---|
r-devel-linux-x86_64-debian-clang | 1.8 | 92.19 | 261.87 | 354.06 | OK | |
r-devel-linux-x86_64-debian-gcc | 1.8 | 68.94 | 197.56 | 266.50 | OK | |
r-devel-linux-x86_64-fedora-clang | 1.8 | 473.44 | OK | |||
r-devel-linux-x86_64-fedora-gcc | 1.8 | 440.24 | OK | |||
r-devel-windows-x86_64 | 1.8 | 114.00 | 321.00 | 435.00 | OK | |
r-devel-windows-x86_64-gcc10-UCRT | 1.8 | OK | ||||
r-patched-linux-x86_64 | 1.8 | 76.12 | 248.79 | 324.91 | OK | |
r-patched-solaris-x86 | 1.8 | 247.50 | OK | |||
r-release-linux-x86_64 | 1.8 | 80.71 | 247.76 | 328.47 | OK | |
r-release-macos-arm64 | 1.8 | NOTE | ||||
r-release-macos-x86_64 | 1.8 | OK | ||||
r-release-windows-ix86+x86_64 | 1.8 | 155.00 | 286.00 | 441.00 | OK | |
r-oldrel-macos-x86_64 | 1.8 | OK | ||||
r-oldrel-windows-ix86+x86_64 | 1.8 | 163.00 | 531.00 | 694.00 | OK |
Version: 1.8
Check: installed package size
Result: NOTE
installed size is 5.7Mb
sub-directories of 1Mb or more:
libs 5.1Mb
Flavor: r-release-macos-arm64