Last updated on 2021-11-01 00:49:36 CET.
Flavor | Version | Tinstall | Tcheck | Ttotal | Status | Flags |
---|---|---|---|---|---|---|
r-devel-linux-x86_64-debian-clang | 0.4.4 | 10.09 | 276.67 | 286.76 | OK | |
r-devel-linux-x86_64-debian-gcc | 0.4.4 | 9.94 | 198.02 | 207.96 | OK | |
r-devel-linux-x86_64-fedora-clang | 0.4.4 | 345.36 | NOTE | |||
r-devel-linux-x86_64-fedora-gcc | 0.4.4 | 331.87 | OK | |||
r-devel-windows-x86_64 | 0.4.4 | 17.00 | 335.00 | 352.00 | NOTE | |
r-devel-windows-x86_64-gcc10-UCRT | 0.4.4 | OK | ||||
r-patched-linux-x86_64 | 0.4.4 | 10.45 | 266.29 | 276.74 | OK | |
r-patched-solaris-x86 | 0.4.4 | 295.60 | NOTE | |||
r-release-linux-x86_64 | 0.4.4 | 11.62 | 269.14 | 280.76 | OK | |
r-release-macos-arm64 | 0.4.4 | NOTE | ||||
r-release-macos-x86_64 | 0.4.4 | NOTE | ||||
r-release-windows-ix86+x86_64 | 0.4.4 | 19.00 | 240.00 | 259.00 | NOTE | |
r-oldrel-macos-x86_64 | 0.4.4 | NOTE | ||||
r-oldrel-windows-ix86+x86_64 | 0.4.4 | 18.00 | 316.00 | 334.00 | NOTE |
Version: 0.4.4
Check: installed package size
Result: NOTE
installed size is 5.5Mb
sub-directories of 1Mb or more:
doc 5.1Mb
Flavors: r-devel-linux-x86_64-fedora-clang, r-devel-windows-x86_64, r-patched-solaris-x86, r-release-macos-arm64, r-release-macos-x86_64, r-release-windows-ix86+x86_64, r-oldrel-macos-x86_64, r-oldrel-windows-ix86+x86_64
Version: 0.4.4
Check: package dependencies
Result: NOTE
Package suggested but not available for checking: ‘glmmTMB’
Flavor: r-patched-solaris-x86