CRAN Package Check Results for Package DDRTree

Last updated on 2021-11-01 00:49:36 CET.

Flavor Version Tinstall Tcheck Ttotal Status Flags
r-devel-linux-x86_64-debian-clang 0.1.5 74.11 59.08 133.19 OK
r-devel-linux-x86_64-debian-gcc 0.1.5 57.93 48.59 106.52 OK
r-devel-linux-x86_64-fedora-clang 0.1.5 188.89 NOTE
r-devel-linux-x86_64-fedora-gcc 0.1.5 174.86 OK
r-devel-windows-x86_64 0.1.5 76.00 97.00 173.00 OK
r-devel-windows-x86_64-gcc10-UCRT 0.1.5 OK
r-patched-linux-x86_64 0.1.5 68.90 59.69 128.59 OK
r-patched-solaris-x86 0.1.5 184.10 OK
r-release-linux-x86_64 0.1.5 62.31 59.78 122.09 OK
r-release-macos-arm64 0.1.5 NOTE
r-release-macos-x86_64 0.1.5 NOTE
r-release-windows-ix86+x86_64 0.1.5 104.00 97.00 201.00 OK
r-oldrel-macos-x86_64 0.1.5 NOTE
r-oldrel-windows-ix86+x86_64 0.1.5 106.00 118.00 224.00 OK

Check Details

Version: 0.1.5
Check: installed package size
Result: NOTE
     installed size is 21.0Mb
     sub-directories of 1Mb or more:
     libs 20.9Mb
Flavors: r-devel-linux-x86_64-fedora-clang, r-release-macos-arm64, r-release-macos-x86_64, r-oldrel-macos-x86_64