CRAN Package Check Results for Package DCSmooth

Last updated on 2021-11-01 00:49:36 CET.

Flavor Version Tinstall Tcheck Ttotal Status Flags
r-devel-linux-x86_64-debian-clang 1.1.2 183.92 290.10 474.02 OK
r-devel-linux-x86_64-debian-gcc 1.1.2 134.55 212.55 347.10 OK
r-devel-linux-x86_64-fedora-clang 1.1.2 674.86 NOTE
r-devel-linux-x86_64-fedora-gcc 1.1.2 619.65 OK
r-devel-windows-x86_64 1.1.2 248.00 413.00 661.00 OK
r-devel-windows-x86_64-gcc10-UCRT 1.1.2 OK
r-patched-linux-x86_64 1.1.2 163.45 284.05 447.50 OK
r-patched-solaris-x86 1.1.2 544.70 OK
r-release-linux-x86_64 1.1.2 163.64 286.10 449.74 OK
r-release-macos-arm64 1.1.2 NOTE
r-release-macos-x86_64 1.1.2 NOTE
r-release-windows-ix86+x86_64 1.1.2 371.00 491.00 862.00 NOTE
r-oldrel-macos-x86_64 1.1.2 NOTE
r-oldrel-windows-ix86+x86_64 1.1.2 369.00 467.00 836.00 NOTE

Check Details

Version: 1.1.2
Check: installed package size
Result: NOTE
     installed size is 7.2Mb
     sub-directories of 1Mb or more:
     data 1.9Mb
     libs 4.7Mb
Flavors: r-devel-linux-x86_64-fedora-clang, r-release-macos-arm64, r-release-macos-x86_64, r-release-windows-ix86+x86_64, r-oldrel-macos-x86_64, r-oldrel-windows-ix86+x86_64