Last updated on 2021-11-01 00:49:35 CET.
Flavor | Version | Tinstall | Tcheck | Ttotal | Status | Flags |
---|---|---|---|---|---|---|
r-devel-linux-x86_64-debian-clang | 2.0.4 | 17.49 | 34.88 | 52.37 | OK | |
r-devel-linux-x86_64-debian-gcc | 2.0.4 | 12.93 | 27.31 | 40.24 | OK | |
r-devel-linux-x86_64-fedora-clang | 2.0.4 | 86.34 | NOTE | |||
r-devel-linux-x86_64-fedora-gcc | 2.0.4 | 68.72 | NOTE | |||
r-devel-windows-x86_64 | 2.0.4 | 27.00 | 70.00 | 97.00 | OK | |
r-devel-windows-x86_64-gcc10-UCRT | 2.0.4 | NOTE | ||||
r-patched-linux-x86_64 | 2.0.4 | 17.03 | 33.79 | 50.82 | OK | |
r-patched-solaris-x86 | 2.0.4 | 88.50 | NOTE | |||
r-release-linux-x86_64 | 2.0.4 | 16.53 | 33.82 | 50.35 | OK | |
r-release-macos-arm64 | 2.0.4 | NOTE | ||||
r-release-macos-x86_64 | 2.0.4 | NOTE | ||||
r-release-windows-ix86+x86_64 | 2.0.4 | 40.00 | 66.00 | 106.00 | OK | |
r-oldrel-macos-x86_64 | 2.0.4 | NOTE | ||||
r-oldrel-windows-ix86+x86_64 | 2.0.4 | 36.00 | 95.00 | 131.00 | OK |
Version: 2.0.4
Check: dependencies in R code
Result: NOTE
Namespace in Imports field not imported from: ‘MASS’
All declared Imports should be used.
Flavors: r-devel-linux-x86_64-fedora-clang, r-devel-linux-x86_64-fedora-gcc, r-devel-windows-x86_64-gcc10-UCRT, r-patched-solaris-x86, r-release-macos-arm64, r-release-macos-x86_64, r-oldrel-macos-x86_64