Last updated on 2021-11-01 00:49:34 CET.
Flavor | Version | Tinstall | Tcheck | Ttotal | Status | Flags |
---|---|---|---|---|---|---|
r-devel-linux-x86_64-debian-clang | 0.1.1 | 4.53 | 42.27 | 46.80 | NOTE | |
r-devel-linux-x86_64-debian-gcc | 0.1.1 | 4.67 | 32.75 | 37.42 | NOTE | |
r-devel-linux-x86_64-fedora-clang | 0.1.1 | 70.75 | NOTE | |||
r-devel-linux-x86_64-fedora-gcc | 0.1.1 | 57.70 | NOTE | |||
r-devel-windows-x86_64 | 0.1.1 | 9.00 | 75.00 | 84.00 | NOTE | |
r-devel-windows-x86_64-gcc10-UCRT | 0.1.1 | NOTE | ||||
r-patched-linux-x86_64 | 0.1.1 | 6.12 | 41.80 | 47.92 | NOTE | |
r-patched-solaris-x86 | 0.1.1 | 86.20 | NOTE | |||
r-release-linux-x86_64 | 0.1.1 | 6.32 | 42.07 | 48.39 | NOTE | |
r-release-macos-arm64 | 0.1.1 | NOTE | ||||
r-release-macos-x86_64 | 0.1.1 | NOTE | ||||
r-release-windows-ix86+x86_64 | 0.1.1 | 8.00 | 48.00 | 56.00 | NOTE | |
r-oldrel-macos-x86_64 | 0.1.1 | OK | ||||
r-oldrel-windows-ix86+x86_64 | 0.1.1 | 8.00 | 57.00 | 65.00 | OK |
Version: 0.1.1
Check: LazyData
Result: NOTE
'LazyData' is specified without a 'data' directory
Flavors: r-devel-linux-x86_64-debian-clang, r-devel-linux-x86_64-debian-gcc, r-devel-linux-x86_64-fedora-clang, r-devel-linux-x86_64-fedora-gcc, r-devel-windows-x86_64, r-devel-windows-x86_64-gcc10-UCRT, r-patched-linux-x86_64, r-patched-solaris-x86, r-release-linux-x86_64, r-release-macos-arm64, r-release-macos-x86_64, r-release-windows-ix86+x86_64