Last updated on 2021-11-01 00:49:34 CET.
Flavor | Version | Tinstall | Tcheck | Ttotal | Status | Flags |
---|---|---|---|---|---|---|
r-devel-linux-x86_64-debian-clang | 4.3.3 | 51.69 | 58.79 | 110.48 | NOTE | |
r-devel-linux-x86_64-debian-gcc | 4.3.3 | 36.76 | 44.37 | 81.13 | NOTE | |
r-devel-linux-x86_64-fedora-clang | 4.3.3 | 179.94 | NOTE | |||
r-devel-linux-x86_64-fedora-gcc | 4.3.3 | 141.40 | NOTE | |||
r-devel-windows-x86_64 | 4.3.3 | 72.00 | 101.00 | 173.00 | NOTE | |
r-devel-windows-x86_64-gcc10-UCRT | 4.3.3 | NOTE | ||||
r-patched-linux-x86_64 | 4.3.3 | 44.20 | 58.44 | 102.64 | NOTE | |
r-patched-solaris-x86 | 4.3.3 | 160.20 | NOTE | |||
r-release-linux-x86_64 | 4.3.3 | 43.93 | 58.17 | 102.10 | NOTE | |
r-release-macos-arm64 | 4.3.3 | NOTE | ||||
r-release-macos-x86_64 | 4.3.3 | NOTE | ||||
r-release-windows-ix86+x86_64 | 4.3.3 | 105.00 | 102.00 | 207.00 | NOTE | |
r-oldrel-macos-x86_64 | 4.3.3 | OK | ||||
r-oldrel-windows-ix86+x86_64 | 4.3.3 | 91.00 | 125.00 | 216.00 | OK |
Version: 4.3.3
Check: LazyData
Result: NOTE
'LazyData' is specified without a 'data' directory
Flavors: r-devel-linux-x86_64-debian-clang, r-devel-linux-x86_64-debian-gcc, r-devel-linux-x86_64-fedora-clang, r-devel-linux-x86_64-fedora-gcc, r-devel-windows-x86_64, r-devel-windows-x86_64-gcc10-UCRT, r-patched-linux-x86_64, r-patched-solaris-x86, r-release-linux-x86_64, r-release-macos-arm64, r-release-macos-x86_64, r-release-windows-ix86+x86_64