CRAN Package Check Results for Package CausalKinetiX

Last updated on 2021-11-01 00:49:33 CET.

Flavor Version Tinstall Tcheck Ttotal Status Flags
r-devel-linux-x86_64-debian-clang 0.2.1 11.65 103.60 115.25 NOTE
r-devel-linux-x86_64-debian-gcc 0.2.1 9.13 76.96 86.09 NOTE
r-devel-linux-x86_64-fedora-clang 0.2.1 155.38 NOTE
r-devel-linux-x86_64-fedora-gcc 0.2.1 145.55 NOTE
r-devel-windows-x86_64 0.2.1 18.00 125.00 143.00 NOTE
r-devel-windows-x86_64-gcc10-UCRT 0.2.1 NOTE
r-patched-linux-x86_64 0.2.1 11.59 99.29 110.88 NOTE
r-patched-solaris-x86 0.2.1 192.20 NOTE
r-release-linux-x86_64 0.2.1 11.17 99.43 110.60 NOTE
r-release-macos-arm64 0.2.1 NOTE
r-release-macos-x86_64 0.2.1 NOTE
r-release-windows-ix86+x86_64 0.2.1 17.00 89.00 106.00 NOTE
r-oldrel-macos-x86_64 0.2.1 OK
r-oldrel-windows-ix86+x86_64 0.2.1 19.00 124.00 143.00 OK

Check Details

Version: 0.2.1
Check: LazyData
Result: NOTE
     'LazyData' is specified without a 'data' directory
Flavors: r-devel-linux-x86_64-debian-clang, r-devel-linux-x86_64-debian-gcc, r-devel-linux-x86_64-fedora-clang, r-devel-linux-x86_64-fedora-gcc, r-devel-windows-x86_64, r-devel-windows-x86_64-gcc10-UCRT, r-patched-linux-x86_64, r-patched-solaris-x86, r-release-linux-x86_64, r-release-macos-arm64, r-release-macos-x86_64, r-release-windows-ix86+x86_64