CRAN Package Check Results for Package CamelUp

Last updated on 2021-11-01 00:49:33 CET.

Flavor Version Tinstall Tcheck Ttotal Status Flags
r-devel-linux-x86_64-debian-clang 2.0.3 100.45 80.17 180.62 NOTE
r-devel-linux-x86_64-debian-gcc 2.0.3 82.68 60.53 143.21 NOTE
r-devel-linux-x86_64-fedora-clang 2.0.3 287.17 NOTE
r-devel-linux-x86_64-fedora-gcc 2.0.3 253.50 NOTE
r-devel-windows-x86_64 2.0.3 130.00 113.00 243.00 NOTE
r-devel-windows-x86_64-gcc10-UCRT 2.0.3 NOTE
r-patched-linux-x86_64 2.0.3 100.00 76.89 176.89 NOTE
r-patched-solaris-x86 2.0.3 240.90 NOTE
r-release-linux-x86_64 2.0.3 97.91 75.97 173.88 NOTE
r-release-macos-arm64 2.0.3 NOTE
r-release-macos-x86_64 2.0.3 NOTE
r-release-windows-ix86+x86_64 2.0.3 190.00 110.00 300.00 NOTE
r-oldrel-macos-x86_64 2.0.3 NOTE
r-oldrel-windows-ix86+x86_64 2.0.3 187.00 137.00 324.00 OK

Check Details

Version: 2.0.3
Check: LazyData
Result: NOTE
     'LazyData' is specified without a 'data' directory
Flavors: r-devel-linux-x86_64-debian-clang, r-devel-linux-x86_64-debian-gcc, r-devel-linux-x86_64-fedora-clang, r-devel-linux-x86_64-fedora-gcc, r-devel-windows-x86_64, r-devel-windows-x86_64-gcc10-UCRT, r-patched-linux-x86_64, r-patched-solaris-x86, r-release-linux-x86_64, r-release-macos-arm64, r-release-macos-x86_64, r-release-windows-ix86+x86_64

Version: 2.0.3
Check: installed package size
Result: NOTE
     installed size is 9.5Mb
     sub-directories of 1Mb or more:
     libs 9.1Mb
Flavors: r-devel-linux-x86_64-fedora-clang, r-release-macos-arm64, r-release-macos-x86_64, r-oldrel-macos-x86_64